 10001011101012 (base 3) to base 11.
a0502a
Convert 10111111101110010100 (base 2) to base 3.
1110220020012
What is -155d71 (base 14) in base 2?
-10110110001100011111
-192170 (base 12) to base 7
-3506202
-21012210112 (base 3) to base 16
-22ab7
-20415 (base 16) to base 15
-2922c
What is -3a92130 (base 11) in base 5?
-3301403103
3452547 (base 8) to base 4
3211111213
Convert 9deb (base 16) to base 8.
116753
12020112112012 (base 3) to base 7
32452064
What is -2121021222 (base 3) in base 11?
-35557
26233 (base 15) to base 16
1dc8e
What is 111110100001101100110000 (base 2) in base 3?
1010211202011121
Convert 20dc96 (base 14) to base 2.
100001111111011001100
-707158 (base 11) to base 4
-10111203122
-175207 (base 9) to base 7
-632113
What is -b3a9b (base 13) in base 12?
-136818
Convert -47041 (base 14) to base 13.
-60933
1231031 (base 5) to base 12
119ab
Convert -1907f1 (base 16) to base 9.
-3070223
What is 1bdd9 (base 14) in base 7?
414662
Convert -110110001100010101100 (base 2) to base 6.
-102021124
Convert 160336 (base 9) to base 6.
2040523
What is 4441311 (base 8) in base 15?
1898d0
-3badb (base 16) to base 10
-244443
What is 1010120111101 (base 3) in base 9?
1116441
What is 2332341 (base 5) in base 11?
2a211
410444515 (base 6) to base 10
7035743
-3506787 (base 11) to base 12
-207696a
Convert -163045542 (base 7) to base 8.
-52166210
2a137 (base 16) to base 7
1315313
Convert 101002020112101 (base 3) to base 6.
310504014
What is 77080 (base 10) in base 2?
10010110100011000
Convert -121001221111 (base 3) to base 8.
-1151671
What is -202001313 (base 4) in base 8?
-420167
Convert -cc5dc9 (base 15) to base 7.
-145534320
220533515 (base 6) to base 8
17073527
-1024067 (base 10) to base 11
-63a440
What is 603bd (base 15) in base 8?
1122733
Convert 11411622 (base 10) to base 13.
2497251
Convert -5e4293 (base 16) to base 3.
-102121211211121
1ac31 (base 14) to base 9
113554
-1011100010011111011 (base 2) to base 3
-201012122222
-112110110112000 (base 3) to base 2
-11101010100010101111000
-40364256 (base 7) to base 10
-3360510
Convert 20324243 (base 5) to base 7.
1265121
-a1d73a (base 14) to base 5
-2344010002
Convert -68086 (base 9) to base 13.
-177ba
What is 5036345 (base 7) in base 9?
1110775
What is 1122332223 (base 5) in base 13?
6b0530
What is -222656 (base 11) in base 10?
-354833
What is -5227055 (base 11) in base 10?
-9218566
600765 (base 10) to base 4
2102222331
Convert -1423251334 (base 6) to base 8.
-102647452
What is -219792 (base 14) in base 6?
-40234552
Convert 392149 (base 11) to base 8.
2266436
What is -4e729 (base 16) in base 3?
-121022202210
What is 48131 (base 10) in base 9?
73018
What is 102255550 (base 6) in base 14?
34a878
32440023 (base 5) to base 10
280638
What is -1972852 (base 12) in base 14?
-9dccd8
2596aa6 (base 12) to base 13
16c7bb6
What is -22040300 (base 5) in base 8?
-563173
Convert -10ad89 (base 15) to base 8.
-3023023
Convert 1443421310 (base 5) to base 6.
215204231
Convert -183817 (base 11) to base 10.
-283158
Convert -d9863 (base 14) to base 7.
-4316553
What is 28278 (base 15) in base 3?
20112200212
What is -32002 (base 13) in base 7?
-523423
-14522214 (base 7) to base 8
-5216533
Convert -100100000100010001100000 (base 2) to base 6.
-534351412
317b9b (base 13) to base 7
12600234
What is 1284378 (base 9) in base 8?
2541351
Convert 3212101220 (base 4) to base 2.
11100110010001101000
Convert a408c (base 13) to base 14.
7948a
Convert -574017 (base 8) to base 10.
-194575
What is 10878e (base 15) in base 16?
c0674
Convert 1e6f8 (base 16) to base 7.
1026311
What is -b0648 (base 15) in base 2?
-10001000010011010101
What is -20122020210 (base 3) in base 11?
-8a1a5
Convert 133c5a (base 16) to base 11.
791151
-116251123 (base 7) to base 16
-7000ea
What is 3cc57b4 (base 13) in base 4?
1021211231232
-13a32 (base 13) to base 11
-25790
What is -22321130 (base 5) in base 4?
-300122102
-132311033 (base 4) to base 16
-1ed4f
What is -111021201201 (base 3) in base 12?
-10740a
-23200100 (base 4) to base 15
-de65
Convert 300a72 (base 13) to base 10.
1115662
-401587 (base 9) to base 13
-840a3
Convert -2012430112 (base 5) to base 9.
-7522143
Convert 11000121100 (base 3) to base 16.
13545
What is -21013230 (base 4) in base 13?
-14007
Convert 27b56a (base 13) to base 5.
221430423
-233223332 (base 5) to base 7
-12045616
Convert -186466 (base 10) to base 14.
-4bd50
Convert 111021113 (base 4) to base 10.
86615
Convert 11545024 (base 6) to base 10.
371752
What is 11020001002 (base 3) in base 13?
2bac0
What is -1b588 (base 15) in base 2?
-10101101110101011
Convert 14560a (base 13) to base 12.
1bbb22
-8b2840 (base 16) to base 3
-122011100000200
9dea (base 15) to base 4
20023300
What is 58884 (base 14) in base 15?
43db1
What is -111000110 (base 4) in base 14?
-234d6
Convert -49a5 (base 15) to base 10.
-15680
Convert ac3252 (base 14) to base 7.
100464232
What is 31332032 (base 4) in base 6?
1120542
Convert 2223304 (base 7) to base 14.
72274
Convert abd4 (base 16) to base 9.
66305
-11202332122 (base 4) to base 12
-5a150a
What is -462799 (base 11) in base 6?
-23433511
1659b (base 13) to base 4
22123130
Convert 2256036 (base 8) to base 4.
2111300132
What is -11137223 (base 8) in base 7?
-26316436
What is -2a64a7 (base 11) in base 2?
-1110100011110101011
-79a129 (base 15) to base 7
-100225653
What is -17bae (base 15) in base 13?
-28cc7
1cfaa (base 16) to base 2
11100111110101010
224987 (base 13) to base 11
503730
12122220121 (base 3) to base 11
76829
-5020620 (base 7) to base 4
-2100313023
What is 851561 (base 12) in base 14?
3c8237
What is b21cc (base 13) in base 12?
134672
Convert -3403c (base 14) to base 12.
-610b2
Convert -4056907 (base 10) to base 9.
-7563024
Convert 503323 (base 7) to base 6.
1454324
10101443 (base 5) to base 10
81498
Convert 79853 (base 12) to base 5.
20140134
What is -110011111100010100010 (base 2) in base 10?
-1702050
Convert -2160710 (base 8) to base 5.
-122111323
What is -146593 (base 15) in base 14?
-1b8540
What is 3933 (base 13) in base 4?
1333122
-5014123 (base 6) to base 3
-102222000220
1723187 (base 9) to base 16
ea6fd
Convert 14143045 (base 6) to base 2.
1110101001111000101
-1722257 (base 8) to base 15
-9d641
Convert 1010001101101110010 (base 2) to base 3.
122000010112
-86450 (base 9) to base 3
-2220111200
Convert c265b (base 15) to base 5.
124200221
What is -111010110001110 (base 2) in base 12?
-154ba
What is b866b (base 16) in base 4?
2320121223
Convert 3d1ca (base 15) to base 12.
95631
Convert -3356105 (base 11) to base 9.
-12050612
-201111011221211 (base 3) to base 4
-213200202013
Convert 1174a (base 15) to base 2.
1101100101011101
What is 1a8a2 (base 11) in base 7?
150432
Convert -555360 (base 7) to base 8.
-277230
What is 1002022212 (base 3) in base 11?
15077
Convert 20a3415 (base 11) to base 6.
211101545
What is 5d0c (base 15) in base 8?
46544
Convert -463155 (base 11) to base 2.
-10110011101111100000
-205c7 (base 15) to base 2
-11001000010100010
Convert -7353056 (base 8) to base 5.
-1000032444
1001000111001001010 (base 2) to base 6
10222134
Convert -31443222 (base 5) to base 7.
-2153604
Convert -562252 (base 10) to base 7.
-4531135
What is -127924 (base 11) in base 2?
-110001000000111101
What is -13122 (base 10) in base 11?
-994a
1314261 (base 7) to base 3
22201220210
What is -122100021110 (base 3) in base 11?
-21352a
What is -bc2c1 (base 13) in base 9?
-568722
What is -4c3a8 (base 16) in base 11?
-1a3648
What is -16ba43 (base 13) in base 15?
-b36eb
Convert 5b8576 (base 14) to base 10.
3134732
471443 (base 8) to base 4
213030203
What is -4462132 (base 7) in base 9?
-1032501
What is 31030423 (base 5) in base 8?
754124
2df42 (base 16) to base 9
316170
What is -28540 (base 15) in base 7?
-1046235
What is -24752a (base 11) in base 16?
-5f5dc
What is 3076083 (base 10) in base 12?
1044183
-5314b (base 12) to base 7
-632660
Convert -aa676 (base 11) to base 12.
-78a95
-101011000000010 (base 2) to base 8
-53002
10210100211 (base 4) to base 10
1197093
What is 200220200220 (base 3) in base 4?
1122321030
What is -207b13 (base 12) in base 14?
-d44d9
What is -2344282 (base 9) in base 3?
-2101111022202
-13102012320 (base 4) to base 13
-51acb9
What is -3040340 (base 5) in base 4?
-30010332
-135532 (base 6) to base 5
-403234
10340414